{"id":6183,"date":"2021-08-17T11:32:04","date_gmt":"2021-08-17T09:32:04","guid":{"rendered":"https:\/\/naturelo.meco.lu\/?page_id=6183"},"modified":"2022-09-09T14:29:50","modified_gmt":"2022-09-09T12:29:50","slug":"mei-grengs-an-eise-stied-an-dierfer-der-gesetzliche-rahmen","status":"publish","type":"page","link":"https:\/\/naturelo.meco.lu\/fr\/mei-grengs-an-eise-stied-an-dierfer-der-gesetzliche-rahmen\/","title":{"rendered":"M\u00e9i gr\u00e9ngs an eise Stied an Dierfer &#8211; Der gesetzliche Rahmen"},"content":{"rendered":"<h1><img loading=\"lazy\" decoding=\"async\" class=\"wp-image-6184 aligncenter\" src=\"http:\/\/naturelo.meco.lu\/wp-content\/uploads\/sites\/7\/2021\/08\/Semi-5-scaled.jpg\" alt=\"\" width=\"925\" height=\"479\" srcset=\"https:\/\/naturelo.meco.lu\/wp-content\/uploads\/sites\/7\/2021\/08\/Semi-5-scaled.jpg 2560w, https:\/\/naturelo.meco.lu\/wp-content\/uploads\/sites\/7\/2021\/08\/Semi-5-300x155.jpg 300w, https:\/\/naturelo.meco.lu\/wp-content\/uploads\/sites\/7\/2021\/08\/Semi-5-1024x531.jpg 1024w, https:\/\/naturelo.meco.lu\/wp-content\/uploads\/sites\/7\/2021\/08\/Semi-5-768x398.jpg 768w, https:\/\/naturelo.meco.lu\/wp-content\/uploads\/sites\/7\/2021\/08\/Semi-5-1536x796.jpg 1536w, https:\/\/naturelo.meco.lu\/wp-content\/uploads\/sites\/7\/2021\/08\/Semi-5-2048x1061.jpg 2048w\" sizes=\"auto, (max-width: 925px) 100vw, 925px\" \/><\/h1>\n<p>&nbsp;<\/p>\n<h1>S\u00e9minaire en ligne 5 : V\u00e9g\u00e9taliser davantage nos villes et villages: le cadre juridique au Luxembourg: moyens, obstacles et opportunit\u00e9s<\/h1>\n<div class=\"clearfix\">\n<div id=\"docs_right\">Date: automne 2021<\/div>\n<div id=\"thecontent_docs\">\n<div class=\"pf-content\">\n<p><strong>Quelles sont les conditions juridiques et administratives, notamment dans le cadre l\u00e9gal, qui permettent, respectivement garantissent, la v\u00e9g\u00e9talisation de l\u2019espace habit\u00e9?<br \/>\n<\/strong><\/p>\n<p>Ce s\u00e9minaire vise \u00e0 identifier les possibilit\u00e9s dont disposent les communes et autres acteurs concern\u00e9s dans le cadre de la planification communale, afin de rendre les localit\u00e9s plus vertes. Les obstacles seront \u00e9galement identifi\u00e9s et, le cas \u00e9ch\u00e9ant, les mani\u00e8res qui permettent de les surmonter, tant dans le b\u00e2ti existant que dans la planification et la r\u00e9alisation de nouveaux quartiers d\u2019habitation.<\/p>\n<p><strong>D\u00e9roulement de la manifestation en ligne:<\/strong><\/p>\n<ul>\n<li><em>M\u00e9i Gr\u00e9ngs an eise Quartieren an Uertschaften<\/em>: mettre \u00e0 profit et renforcer le cadre juridique existant! Pr\u00e9sentation d\u2019une analyse du cadre juridique et r\u00e9glementaire, respectivement de la pratique actuelle au Luxembourg.<\/li>\n<\/ul>\n<p>Panel de discussion r\u00e9unissant e.a. des repr\u00e9sentants de\u00a0minist\u00e8res, d\u2019administrations, de communes et de bureaux d\u2019\u00e9tudes, des acteurs responsables au niveau national et communal, ainsi que des citoyen\/nes int\u00e9ress\u00e9\/es, autour des th\u00e8mes de la pratique actuelle et de la n\u00e9cessit\u00e9 d\u2019apporter d\u2019\u00e9ventuelles am\u00e9liorations au cadre juridique en place, etc.<\/p>\n<p><a href=\"https:\/\/www.meco.lu\/fr\/formulaire-vegetalisation-des-villes-et-villages\/\"><img loading=\"lazy\" decoding=\"async\" class=\"wp-image-34030  alignnone\" src=\"http:\/\/www.meco.lu\/wp-content\/uploads\/2021\/02\/Banner-Formular-FR.jpg\" alt=\"\" width=\"512\" height=\"74\" \/><\/a><\/p>\n<\/div>\n<\/div>\n<\/div>\n<div class=\"clearfix\">\n<div id=\"thecontent_docs\">\n<div class=\"pf-content\">\n<p><a href=\"https:\/\/www.meco.lu\/fr\/blog\/documentcenter\/mei-grengs-an-eise-stied-an-dierfer-e-baeitrag-zur-liewensqualiteit-der-klimaupassung-an-dem-erhalt-vun-der-biodiversiteit\/\"><strong>-&gt; Voir ici le programme complet de la s\u00e9rie de s\u00e9minaires<\/strong><\/a><\/p>\n<\/div>\n<\/div>\n<\/div>\n","protected":false},"excerpt":{"rendered":"<p>&nbsp; S\u00e9minaire en ligne 5 : V\u00e9g\u00e9taliser davantage nos villes et villages: le cadre juridique au Luxembourg: moyens, obstacles et opportunit\u00e9s Date: automne 2021 Quelles sont les conditions juridiques et administratives, notamment dans le cadre l\u00e9gal, qui permettent, respectivement garantissent, la v\u00e9g\u00e9talisation de l\u2019espace habit\u00e9? Ce s\u00e9minaire vise \u00e0 identifier les possibilit\u00e9s dont disposent les [&hellip;]<\/p>\n","protected":false},"author":10,"featured_media":0,"parent":0,"menu_order":42,"comment_status":"closed","ping_status":"closed","template":"","meta":{"_acf_changed":false,"footnotes":""},"class_list":["post-6183","page","type-page","status-publish","hentry"],"acf":[],"yoast_head":"<!-- This site is optimized with the Yoast SEO plugin v27.2 - https:\/\/yoast.com\/product\/yoast-seo-wordpress\/ -->\n<title>M\u00e9i gr\u00e9ngs an eise Stied an Dierfer - Der gesetzliche Rahmen - Natur<\/title>\n<meta name=\"robots\" content=\"noindex, follow, max-snippet:-1, max-image-preview:large, max-video-preview:-1\" \/>\n<meta property=\"og:locale\" content=\"fr_FR\" \/>\n<meta property=\"og:type\" content=\"article\" \/>\n<meta property=\"og:title\" content=\"M\u00e9i gr\u00e9ngs an eise Stied an Dierfer - Der gesetzliche Rahmen - Natur\" \/>\n<meta property=\"og:description\" content=\"&nbsp; S\u00e9minaire en ligne 5 : V\u00e9g\u00e9taliser davantage nos villes et villages: le cadre juridique au Luxembourg: moyens, obstacles et opportunit\u00e9s Date: automne 2021 Quelles sont les conditions juridiques et administratives, notamment dans le cadre l\u00e9gal, qui permettent, respectivement garantissent, la v\u00e9g\u00e9talisation de l\u2019espace habit\u00e9? Ce s\u00e9minaire vise \u00e0 identifier les possibilit\u00e9s dont disposent les [&hellip;]\" \/>\n<meta property=\"og:url\" content=\"https:\/\/naturelo.meco.lu\/mei-grengs-an-eise-stied-an-dierfer-der-gesetzliche-rahmen\/\" \/>\n<meta property=\"og:site_name\" content=\"Natur\" \/>\n<meta property=\"article:modified_time\" content=\"2022-09-09T12:29:50+00:00\" \/>\n<meta property=\"og:image\" content=\"http:\/\/naturelo.meco.lu\/wp-content\/uploads\/sites\/7\/2021\/08\/Semi-5-scaled.jpg\" \/>\n<meta name=\"twitter:card\" content=\"summary_large_image\" \/>\n<meta name=\"twitter:label1\" content=\"Dur\u00e9e de lecture estim\u00e9e\" \/>\n\t<meta name=\"twitter:data1\" content=\"2 minutes\" \/>\n<script type=\"application\/ld+json\" class=\"yoast-schema-graph\">{\"@context\":\"https:\/\/schema.org\",\"@graph\":[{\"@type\":\"WebPage\",\"@id\":\"https:\/\/naturelo.meco.lu\/mei-grengs-an-eise-stied-an-dierfer-der-gesetzliche-rahmen\/\",\"url\":\"https:\/\/naturelo.meco.lu\/mei-grengs-an-eise-stied-an-dierfer-der-gesetzliche-rahmen\/\",\"name\":\"M\u00e9i gr\u00e9ngs an eise Stied an Dierfer - Der gesetzliche Rahmen - Natur\",\"isPartOf\":{\"@id\":\"https:\/\/naturelo.meco.lu\/#website\"},\"primaryImageOfPage\":{\"@id\":\"https:\/\/naturelo.meco.lu\/mei-grengs-an-eise-stied-an-dierfer-der-gesetzliche-rahmen\/#primaryimage\"},\"image\":{\"@id\":\"https:\/\/naturelo.meco.lu\/mei-grengs-an-eise-stied-an-dierfer-der-gesetzliche-rahmen\/#primaryimage\"},\"thumbnailUrl\":\"http:\/\/naturelo.meco.lu\/wp-content\/uploads\/sites\/7\/2021\/08\/Semi-5-scaled.jpg\",\"datePublished\":\"2021-08-17T09:32:04+00:00\",\"dateModified\":\"2022-09-09T12:29:50+00:00\",\"breadcrumb\":{\"@id\":\"https:\/\/naturelo.meco.lu\/mei-grengs-an-eise-stied-an-dierfer-der-gesetzliche-rahmen\/#breadcrumb\"},\"inLanguage\":\"fr-FR\",\"potentialAction\":[{\"@type\":\"ReadAction\",\"target\":[\"https:\/\/naturelo.meco.lu\/mei-grengs-an-eise-stied-an-dierfer-der-gesetzliche-rahmen\/\"]}]},{\"@type\":\"ImageObject\",\"inLanguage\":\"fr-FR\",\"@id\":\"https:\/\/naturelo.meco.lu\/mei-grengs-an-eise-stied-an-dierfer-der-gesetzliche-rahmen\/#primaryimage\",\"url\":\"http:\/\/naturelo.meco.lu\/wp-content\/uploads\/sites\/7\/2021\/08\/Semi-5-scaled.jpg\",\"contentUrl\":\"http:\/\/naturelo.meco.lu\/wp-content\/uploads\/sites\/7\/2021\/08\/Semi-5-scaled.jpg\"},{\"@type\":\"BreadcrumbList\",\"@id\":\"https:\/\/naturelo.meco.lu\/mei-grengs-an-eise-stied-an-dierfer-der-gesetzliche-rahmen\/#breadcrumb\",\"itemListElement\":[{\"@type\":\"ListItem\",\"position\":1,\"name\":\"Home\",\"item\":\"https:\/\/naturelo.meco.lu\/fr\/\"},{\"@type\":\"ListItem\",\"position\":2,\"name\":\"M\u00e9i gr\u00e9ngs an eise Stied an Dierfer &#8211; Der gesetzliche Rahmen\"}]},{\"@type\":\"WebSite\",\"@id\":\"https:\/\/naturelo.meco.lu\/#website\",\"url\":\"https:\/\/naturelo.meco.lu\/\",\"name\":\"Natur\",\"description\":\"Eine weitere Mouvement \u00e9cologique Global Website\",\"potentialAction\":[{\"@type\":\"SearchAction\",\"target\":{\"@type\":\"EntryPoint\",\"urlTemplate\":\"https:\/\/naturelo.meco.lu\/?s={search_term_string}\"},\"query-input\":{\"@type\":\"PropertyValueSpecification\",\"valueRequired\":true,\"valueName\":\"search_term_string\"}}],\"inLanguage\":\"fr-FR\"}]}<\/script>\n<!-- \/ Yoast SEO plugin. -->","yoast_head_json":{"title":"M\u00e9i gr\u00e9ngs an eise Stied an Dierfer - Der gesetzliche Rahmen - Natur","robots":{"index":"noindex","follow":"follow","max-snippet":"max-snippet:-1","max-image-preview":"max-image-preview:large","max-video-preview":"max-video-preview:-1"},"og_locale":"fr_FR","og_type":"article","og_title":"M\u00e9i gr\u00e9ngs an eise Stied an Dierfer - Der gesetzliche Rahmen - Natur","og_description":"&nbsp; S\u00e9minaire en ligne 5 : V\u00e9g\u00e9taliser davantage nos villes et villages: le cadre juridique au Luxembourg: moyens, obstacles et opportunit\u00e9s Date: automne 2021 Quelles sont les conditions juridiques et administratives, notamment dans le cadre l\u00e9gal, qui permettent, respectivement garantissent, la v\u00e9g\u00e9talisation de l\u2019espace habit\u00e9? Ce s\u00e9minaire vise \u00e0 identifier les possibilit\u00e9s dont disposent les [&hellip;]","og_url":"https:\/\/naturelo.meco.lu\/mei-grengs-an-eise-stied-an-dierfer-der-gesetzliche-rahmen\/","og_site_name":"Natur","article_modified_time":"2022-09-09T12:29:50+00:00","og_image":[{"url":"http:\/\/naturelo.meco.lu\/wp-content\/uploads\/sites\/7\/2021\/08\/Semi-5-scaled.jpg","type":"","width":"","height":""}],"twitter_card":"summary_large_image","twitter_misc":{"Dur\u00e9e de lecture estim\u00e9e":"2 minutes"},"schema":{"@context":"https:\/\/schema.org","@graph":[{"@type":"WebPage","@id":"https:\/\/naturelo.meco.lu\/mei-grengs-an-eise-stied-an-dierfer-der-gesetzliche-rahmen\/","url":"https:\/\/naturelo.meco.lu\/mei-grengs-an-eise-stied-an-dierfer-der-gesetzliche-rahmen\/","name":"M\u00e9i gr\u00e9ngs an eise Stied an Dierfer - Der gesetzliche Rahmen - Natur","isPartOf":{"@id":"https:\/\/naturelo.meco.lu\/#website"},"primaryImageOfPage":{"@id":"https:\/\/naturelo.meco.lu\/mei-grengs-an-eise-stied-an-dierfer-der-gesetzliche-rahmen\/#primaryimage"},"image":{"@id":"https:\/\/naturelo.meco.lu\/mei-grengs-an-eise-stied-an-dierfer-der-gesetzliche-rahmen\/#primaryimage"},"thumbnailUrl":"http:\/\/naturelo.meco.lu\/wp-content\/uploads\/sites\/7\/2021\/08\/Semi-5-scaled.jpg","datePublished":"2021-08-17T09:32:04+00:00","dateModified":"2022-09-09T12:29:50+00:00","breadcrumb":{"@id":"https:\/\/naturelo.meco.lu\/mei-grengs-an-eise-stied-an-dierfer-der-gesetzliche-rahmen\/#breadcrumb"},"inLanguage":"fr-FR","potentialAction":[{"@type":"ReadAction","target":["https:\/\/naturelo.meco.lu\/mei-grengs-an-eise-stied-an-dierfer-der-gesetzliche-rahmen\/"]}]},{"@type":"ImageObject","inLanguage":"fr-FR","@id":"https:\/\/naturelo.meco.lu\/mei-grengs-an-eise-stied-an-dierfer-der-gesetzliche-rahmen\/#primaryimage","url":"http:\/\/naturelo.meco.lu\/wp-content\/uploads\/sites\/7\/2021\/08\/Semi-5-scaled.jpg","contentUrl":"http:\/\/naturelo.meco.lu\/wp-content\/uploads\/sites\/7\/2021\/08\/Semi-5-scaled.jpg"},{"@type":"BreadcrumbList","@id":"https:\/\/naturelo.meco.lu\/mei-grengs-an-eise-stied-an-dierfer-der-gesetzliche-rahmen\/#breadcrumb","itemListElement":[{"@type":"ListItem","position":1,"name":"Home","item":"https:\/\/naturelo.meco.lu\/fr\/"},{"@type":"ListItem","position":2,"name":"M\u00e9i gr\u00e9ngs an eise Stied an Dierfer &#8211; Der gesetzliche Rahmen"}]},{"@type":"WebSite","@id":"https:\/\/naturelo.meco.lu\/#website","url":"https:\/\/naturelo.meco.lu\/","name":"Natur","description":"Eine weitere Mouvement \u00e9cologique Global Website","potentialAction":[{"@type":"SearchAction","target":{"@type":"EntryPoint","urlTemplate":"https:\/\/naturelo.meco.lu\/?s={search_term_string}"},"query-input":{"@type":"PropertyValueSpecification","valueRequired":true,"valueName":"search_term_string"}}],"inLanguage":"fr-FR"}]}},"_links":{"self":[{"href":"https:\/\/naturelo.meco.lu\/fr\/wp-json\/wp\/v2\/pages\/6183","targetHints":{"allow":["GET"]}}],"collection":[{"href":"https:\/\/naturelo.meco.lu\/fr\/wp-json\/wp\/v2\/pages"}],"about":[{"href":"https:\/\/naturelo.meco.lu\/fr\/wp-json\/wp\/v2\/types\/page"}],"author":[{"embeddable":true,"href":"https:\/\/naturelo.meco.lu\/fr\/wp-json\/wp\/v2\/users\/10"}],"replies":[{"embeddable":true,"href":"https:\/\/naturelo.meco.lu\/fr\/wp-json\/wp\/v2\/comments?post=6183"}],"version-history":[{"count":3,"href":"https:\/\/naturelo.meco.lu\/fr\/wp-json\/wp\/v2\/pages\/6183\/revisions"}],"predecessor-version":[{"id":6191,"href":"https:\/\/naturelo.meco.lu\/fr\/wp-json\/wp\/v2\/pages\/6183\/revisions\/6191"}],"wp:attachment":[{"href":"https:\/\/naturelo.meco.lu\/fr\/wp-json\/wp\/v2\/media?parent=6183"}],"curies":[{"name":"wp","href":"https:\/\/api.w.org\/{rel}","templated":true}]}}

Méi gréngs an eise Stied an Dierfer &#8211; Der gesetzliche Rahmen

<h1><img loading="lazy" decoding="async" class="wp-image-6184 aligncenter" src="http://naturelo.meco.lu/wp-content/uploads/sites/7/2021/08/Semi-5-scaled.jpg" alt="" width="925" height="479" srcset="https://naturelo.meco.lu/wp-content/uploads/sites/7/2021/08/Semi-5-scaled.jpg 2560w, https://naturelo.meco.lu/wp-content/uploads/sites/7/2021/08/Semi-5-300x155.jpg 300w, https://naturelo.meco.lu/wp-content/uploads/sites/7/2021/08/Semi-5-1024x531.jpg 1024w, https://naturelo.meco.lu/wp-content/uploads/sites/7/2021/08/Semi-5-768x398.jpg 768w, https://naturelo.meco.lu/wp-content/uploads/sites/7/2021/08/Semi-5-1536x796.jpg 1536w, https://naturelo.meco.lu/wp-content/uploads/sites/7/2021/08/Semi-5-2048x1061.jpg 2048w" sizes="auto, (max-width: 925px) 100vw, 925px" /></h1>
<p>&nbsp;</p>
<h1>Séminaire en ligne 5 : Végétaliser davantage nos villes et villages: le cadre juridique au Luxembourg: moyens, obstacles et opportunités</h1>
<div class="clearfix">
<div id="docs_right">Date: automne 2021</div>
<div id="thecontent_docs">
<div class="pf-content">
<p><strong>Quelles sont les conditions juridiques et administratives, notamment dans le cadre légal, qui permettent, respectivement garantissent, la végétalisation de l’espace habité?<br />
</strong></p>
<p>Ce séminaire vise à identifier les possibilités dont disposent les communes et autres acteurs concernés dans le cadre de la planification communale, afin de rendre les localités plus vertes. Les obstacles seront également identifiés et, le cas échéant, les manières qui permettent de les surmonter, tant dans le bâti existant que dans la planification et la réalisation de nouveaux quartiers d’habitation.</p>
<p><strong>Déroulement de la manifestation en ligne:</strong></p>
<ul>
<li><em>Méi Gréngs an eise Quartieren an Uertschaften</em>: mettre à profit et renforcer le cadre juridique existant! Présentation d’une analyse du cadre juridique et réglementaire, respectivement de la pratique actuelle au Luxembourg.</li>
</ul>
<p>Panel de discussion réunissant e.a. des représentants de ministères, d’administrations, de communes et de bureaux d’études, des acteurs responsables au niveau national et communal, ainsi que des citoyen/nes intéressé/es, autour des thèmes de la pratique actuelle et de la nécessité d’apporter d’éventuelles améliorations au cadre juridique en place, etc.</p>
<p><a href="https://www.meco.lu/fr/formulaire-vegetalisation-des-villes-et-villages/"><img loading="lazy" decoding="async" class="wp-image-34030  alignnone" src="http://www.meco.lu/wp-content/uploads/2021/02/Banner-Formular-FR.jpg" alt="" width="512" height="74" /></a></p>
</div>
</div>
</div>
<div class="clearfix">
<div id="thecontent_docs">
<div class="pf-content">
<p><a href="https://www.meco.lu/fr/blog/documentcenter/mei-grengs-an-eise-stied-an-dierfer-e-baeitrag-zur-liewensqualiteit-der-klimaupassung-an-dem-erhalt-vun-der-biodiversiteit/"><strong>-&gt; Voir ici le programme complet de la série de séminaires</strong></a></p>
</div>
</div>
</div>

<p>&nbsp; Séminaire en ligne 5 : Végétaliser davantage nos villes et villages: le cadre juridique au Luxembourg: moyens, obstacles et opportunités Date: automne 2021 Quelles sont les conditions juridiques et administratives, notamment dans le cadre légal, qui permettent, respectivement garantissent, la végétalisation de l’espace habité? Ce séminaire vise à identifier les possibilités dont disposent les [&hellip;]</p>

<!-- This site is optimized with the Yoast SEO plugin v27.2 - https://yoast.com/product/yoast-seo-wordpress/ -->
<title>Méi gréngs an eise Stied an Dierfer - Der gesetzliche Rahmen - Natur</title>
<meta name="robots" content="noindex, follow, max-snippet:-1, max-image-preview:large, max-video-preview:-1" />
<meta property="og:locale" content="fr_FR" />
<meta property="og:type" content="article" />
<meta property="og:title" content="Méi gréngs an eise Stied an Dierfer - Der gesetzliche Rahmen - Natur" />
<meta property="og:description" content="&nbsp; Séminaire en ligne 5 : Végétaliser davantage nos villes et villages: le cadre juridique au Luxembourg: moyens, obstacles et opportunités Date: automne 2021 Quelles sont les conditions juridiques et administratives, notamment dans le cadre légal, qui permettent, respectivement garantissent, la végétalisation de l’espace habité? Ce séminaire vise à identifier les possibilités dont disposent les [&hellip;]" />
<meta property="og:url" content="https://naturelo.meco.lu/mei-grengs-an-eise-stied-an-dierfer-der-gesetzliche-rahmen/" />
<meta property="og:site_name" content="Natur" />
<meta property="article:modified_time" content="2022-09-09T12:29:50+00:00" />
<meta property="og:image" content="http://naturelo.meco.lu/wp-content/uploads/sites/7/2021/08/Semi-5-scaled.jpg" />
<meta name="twitter:card" content="summary_large_image" />
<meta name="twitter:label1" content="Durée de lecture estimée" />
	<meta name="twitter:data1" content="2 minutes" />
<script type="application/ld+json" class="yoast-schema-graph">{"@context":"https://schema.org","@graph":[{"@type":"WebPage","@id":"https://naturelo.meco.lu/mei-grengs-an-eise-stied-an-dierfer-der-gesetzliche-rahmen/","url":"https://naturelo.meco.lu/mei-grengs-an-eise-stied-an-dierfer-der-gesetzliche-rahmen/","name":"Méi gréngs an eise Stied an Dierfer - Der gesetzliche Rahmen - Natur","isPartOf":{"@id":"https://naturelo.meco.lu/#website"},"primaryImageOfPage":{"@id":"https://naturelo.meco.lu/mei-grengs-an-eise-stied-an-dierfer-der-gesetzliche-rahmen/#primaryimage"},"image":{"@id":"https://naturelo.meco.lu/mei-grengs-an-eise-stied-an-dierfer-der-gesetzliche-rahmen/#primaryimage"},"thumbnailUrl":"http://naturelo.meco.lu/wp-content/uploads/sites/7/2021/08/Semi-5-scaled.jpg","datePublished":"2021-08-17T09:32:04+00:00","dateModified":"2022-09-09T12:29:50+00:00","breadcrumb":{"@id":"https://naturelo.meco.lu/mei-grengs-an-eise-stied-an-dierfer-der-gesetzliche-rahmen/#breadcrumb"},"inLanguage":"fr-FR","potentialAction":[{"@type":"ReadAction","target":["https://naturelo.meco.lu/mei-grengs-an-eise-stied-an-dierfer-der-gesetzliche-rahmen/"]}]},{"@type":"ImageObject","inLanguage":"fr-FR","@id":"https://naturelo.meco.lu/mei-grengs-an-eise-stied-an-dierfer-der-gesetzliche-rahmen/#primaryimage","url":"http://naturelo.meco.lu/wp-content/uploads/sites/7/2021/08/Semi-5-scaled.jpg","contentUrl":"http://naturelo.meco.lu/wp-content/uploads/sites/7/2021/08/Semi-5-scaled.jpg"},{"@type":"BreadcrumbList","@id":"https://naturelo.meco.lu/mei-grengs-an-eise-stied-an-dierfer-der-gesetzliche-rahmen/#breadcrumb","itemListElement":[{"@type":"ListItem","position":1,"name":"Home","item":"https://naturelo.meco.lu/fr/"},{"@type":"ListItem","position":2,"name":"Méi gréngs an eise Stied an Dierfer &#8211; Der gesetzliche Rahmen"}]},{"@type":"WebSite","@id":"https://naturelo.meco.lu/#website","url":"https://naturelo.meco.lu/","name":"Natur","description":"Eine weitere Mouvement écologique Global Website","potentialAction":[{"@type":"SearchAction","target":{"@type":"EntryPoint","urlTemplate":"https://naturelo.meco.lu/?s={search_term_string}"},"query-input":{"@type":"PropertyValueSpecification","valueRequired":true,"valueName":"search_term_string"}}],"inLanguage":"fr-FR"}]}</script>
<!-- / Yoast SEO plugin. -->

Méi gréngs an eise Stied an Dierfer - Der gesetzliche Rahmen - Natur

&nbsp; Séminaire en ligne 5 : Végétaliser davantage nos villes et villages: le cadre juridique au Luxembourg: moyens, obstacles et opportunités Date: automne 2021 Quelles sont les conditions juridiques et administratives, notamment dans le cadre légal, qui permettent, respectivement garantissent, la végétalisation de l’espace habité? Ce séminaire vise à identifier les possibilités dont disposent les [&hellip;]

Eine weitere Mouvement écologique Global Website
